272, x + 4*x + 313 = 3*h. Let j = 99 + x. Calculate the remainder when j is divided by 9.
7
What is the remainder when (-16)/20*(1005/(-10) - 2) is divided by 6?
4
Suppose 30 + 50 = -2*w. What is the remainder when (6/(-8))/(15/w) is divided by 2?
0
Let f(y) = -y + 2. Let p(h) = h**3 - 4*h**2 - 5*h + 5. What is the remainder when p(5) is divided by f(0)?
1
Let m(k) = -k**3 - 7*k**2 - 8*k - 5. Suppose -u = -2*u + 3. What is the remainder when -2*u/6 + 13 is divided by m(-6)?
5
Let b(x) = x**2 + 2*x + 1. Let j = 11 - 8. Calculate the remainder when 31 is divided by b(j).
15
Let i(j) = 3 - 5 + 2 - 2 + 11*j. Let y(s) = s - 3. Let d be y(6). Calculate the remainder when i(d) is divided by 16.
15
Let f(v) = -2*v**3 + 5*v**2 - 6*v + 1. Let j be f(4). Let m = j - -120. Calculate the remainder when m is divided by 17.
15
Let q = 176 - 142. Calculate the remainder when q is divided by 4.
2
Suppose -2*i + 23 = -37. Suppose -60 - i = -5*w. Suppose c = 2*c - 34. What is the remainder when c is divided by w?
16
Let o = 4 + 3. Suppose 0 = -f - o + 26. Calculate the remainder when f is divided by 5.
4
Let k = -87 + 62. Suppose z + 17 - 65 = 0. Let v = k + z. What is the remainder when v is divided by 8?
7
Let u(w) = 2*w**2 + 3*w + 1. Let p be u(-3). Let o = 1 + p. What is the remainder when o is divided by 6?
5
Let t(n) = -4*n - 1. Let h = 61 - -6. Calculate the remainder when h is divided by t(-6).
21
Suppose -3*s = -61 - 50. Let o = -1 - -14. Calculate the remainder when s is divided by o.
11
Let z = -2 - -1. Let c be ((-6)/z)/(5 - 3). Calculate the remainder when 43 is divided by -1 + c/3 - -15.
13
Suppose -7*y + 141 = -4*y. Let j = 1 + 15. What is the remainder when y is divided by j?
15
Let v(b) = b - 20. Let w be v(0). Let u = w - -33. Calculate the remainder when 24 is divided by u.
11
What is the remainder when (-29*(-5)/(-10))/(2/(-4)) is divided by 5?
4
Let a(y) = y**2 - y. Let z be a(-2). Let c be ((-10)/z)/(2/(-6)). Let f = 39 - c. Calculate the remainder when f is divided by 18.
16
What is the remainder when (32/(-6))/((-1)/6) is divided by 0 - -17 - 0/1?
15
Let g(r) = -r**3 + 6*r**2 - 5*r + 3. What is the remainder when 3 is divided by g(5)?
0
Suppose 0*a - 44 = -4*a. Calculate the remainder when 41 is divided by a.
8
Suppose 2*a = 5*r - 6*r + 19, 84 = 3*r - 3*a. What is the remainder when r is divided by 7?
4
Suppose 3*p + 0*o = o + 62, -5*p + 5*o = -110. Let z = p - 6. What is the remainder when z is divided by 8?
6
Let v be ((-6)/(-5))/(24/80). Suppose k = v*k - 24. Suppose -2*l + 15 = 3*l. What is the remainder when k is divided by l?
2
Let w = 5 + -2. Let d = 26 - 22. What is the remainder when d is divided by w?
1
Calculate the remainder when 18 is divided by (8/10)/(18/225).
8
Let n = -4 + 4. What is the remainder when 19 is divided by 5*(n - (-3 + 2))?
4
Calculate the remainder when (-5 - -5)/2 - -66 is divided by 35.
31
Let x = -18 - -25. Let t = x - 11. Calculate the remainder when 37 is divided by (27 + -1)/(t + 6).
11
Let q(i) = 6*i**2 - 2*i - 1. Let k be q(-1). Let y(z) = z**2 - 5*z + 3. Calculate the remainder when y(k) is divided by 6.
5
What is the remainder when 14 is divided by ((-1)/2)/(6/(-96))?
6
Suppose -11 + 35 = 4*a. Calculate the remainder when a is divided by 3.
0
Let i be (-2)/(-3) - (-356)/6. Suppose 5*y = -0*y + i. Calculate the remainder when 22 is divided by y.
10
Suppose -5*w = -k - 3, -2*w = 5*k - 3 - 9. Suppose -3*h - 2*l = -0*h + w, -l - 2 = 0. Calculate the remainder when 3 is divided by h.
0
Suppose 25 = -16*u + 21*u. Calculate the remainder when 15 is divided by u.
0
Suppose 2*p + 17 = f - 0, -3*f + 46 = -5*p. Suppose 25 = -0*o + 5*o. What is the remainder when f is divided by o?
2
Let p(w) = -3*w + 4. Let z(s) = -5 + 2*s - 7*s + s**2 + s. Calculate the remainder when p(-5) is divided by z(6).
5
Suppose -3*g = -4*t + 8, -2*g + 0*g = t - 13. Calculate the remainder when 6 is divided by g.
2
Let y = -198 + 283. Let a = y + -40. What is the remainder when a is divided by 12?
9
Let i = -13 + 16. Suppose -s = 4*v + 3*s - 32, -5*s + 22 = i*v. Calculate the remainder when 15 is divided by v.
6
Let b(w) = 5*w + 2*w + 4 - 3*w. Calculate the remainder when b(6) is divided by 15.
13
Let u(x) = 2*x + 15. What is the remainder when 20 is divided by u(-4)?
6
Let r = -6 - -12. What is the remainder when 7 is divided by r?
1
Let x be (2*(-1)/2)/1. Let u(l) = 30*l**2 - l - 1. Calculate the remainder when u(x) is divided by 8.
6
Let q be 90/(-8)*(-32)/12. Calculate the remainder when (0 - 2)/((-4)/q) is divided by 4.
3
Let n(l) = -3*l - 7. What is the remainder when 20 is divided by n(-5)?
4
Let a(t) = -t**3 + 4*t**2 - t - 1. Let h be a(3). Suppose h*p - 60 = p. Suppose v + 4*v = p. Calculate the remainder when 11 is divided by v.
2
What is the remainder when 67 is divided by 2 + 35 + -4 + 1?
33
Suppose -3*f = -2*f - 45. Calculate the remainder when f is divided by 12.
9
Let j = -18 + 26. Let y = -167 - -255. Let w = -58 + y. Calculate the remainder when w is divided by j.
6
Suppose 0 = 3*t + 8 - 62. Calculate the remainder when t is divided by 6.
0
Let t(h) = h**3 + 6*h**2 + 2*h - 4. Calculate the remainder when 58 is divided by t(-4).
18
Suppose 5 = -5*h, -5*t = 4*h + h - 265. Suppose 2*r + r + 64 = 5*c, 0 = 5*r - 10. Calculate the remainder when t is divided by c.
12
What is the remainder when 18 is divided by (-5 + 4)*(-9 + -2)?
7
Let k = 49 - 33. What is the remainder when k is divided by 6*1*(-3 + 4)?
4
Suppose 4*z + 42 = 3*p, -3*z = 4*p + 2*z - 25. Let j(y) = y**3 + 4*y**2 + 2*y - 1. Calculate the remainder when p is divided by j(-2).
1
Let q = 139 + -74. What is the remainder when q is divided by 18?
11
Let j = 5 + -3. Suppose -2*t - 5*o = -j*o - 24, 2*t - 36 = 3*o. Calculate the remainder when t is divided by 8.
7
Suppose 4*b - 42 = 2*j, 2*j - 44 = -3*b - 16. What is the remainder when 28 + (0 - -2 - 1) is divided by b?
9
Let n be (-7)/1 + 5 + -4. Let g(w) = -w**2 - 8*w - 2. Calculate the remainder when 19 is divided by g(n).
9
Let u be ((-15)/(-25))/((-1)/(-5)). Suppose -2*b = -4*t + 42, 4*t + u*b - 40 = -13. Calculate the remainder when 33 is divided by t.
6
Let q = 19 - 2. Let r = -26 - -92. What is the remainder when r is divided by q?
15
Let c(t) = t**3 + 2*t**2 - 2*t - 3. Let p(k) = -k - 11. Let h be p(-9). Calculate the remainder when c(h) is divided by 1.
0
Let o = 16 + -13. What is the remainder when 3 is divided by o?
0
Suppose -4*a = -0*a - 116. Let d(i) = i**3 - 4*i**2 - i - 5. What is the remainder when a is divided by d(5)?
14
Let d(n) = n - 4. Let s(r) = 2. Let v(m) = -6*d(m) - 13*s(m). Suppose -4 - 16 = 4*u. Calculate the remainder when v(u) is divided by 10.
8
What is the remainder when 1 + (-93)/(-12) + 9/36 is divided by 8?
1
Calculate the remainder when -4*(118/(-28) + (-6)/21) is divided by 10.
8
Suppose -1 = -2*p + p. Calculate the remainder when 1 is divided by p.
0
Let z = 27 + 50. What is the remainder when z is divided by 20?
17
Let k = 18 - 11. Let g(x) = x**2 - 32*x - 13. What is the remainder when g(33) is divided by k?
6
Let w(p) be the third derivative of p**6/120 + 3*p**5/20 + 11*p**4/24 + 7*p**3/3 + 6*p**2. What is the remainder when w(-7) is divided by 9?
8
Suppose -v - 2 - 1 = 0. Let j be 1/4 - v/4. Calculate the remainder when (1 + 1)/(j/8) is divided by 6.
4
Let p(a) = -3*a**3 - a**2 + a. Let q be p(-2). Let s = 14 + q. Suppose 2*z = 4*z - s. Calculate the remainder when z is divided by 6.
4
Suppose 12 = -3*x, 10 + 7 = 5*q + 2*x. Calculate the remainder when 54 is divided by q.
4
Suppose 6 + 4 = 2*p. Suppose p*o = -c - 2*c - 30, -3*c - o - 30 = 0. What is the remainder when 16 is divided by 2/(-2 - 0) - c?
7
Let v(j) = -9*j - 23. What is the remainder when 120 is divided by v(-6)?
27
What is the remainder when 202*-1*(-9)/18 is divided by 26?
23
Let c = 57 + -31. What is the remainder when c is divided by 15?
11
Let x = -9 - -24. Suppose 7 = -4*f + 235. What is the remainder when f is divided by x?
12
Let q(y) = -6*y - 8. Let v be q(-6). Let w = 76 - v. Calculate the remainder when w is divided by 25.
23
Suppose 4*z - 564 = 4*a, -z = a - 4*a - 139. Calculate the remainder when 53 is divided by (-4)/20 - z/(-10).
11
Suppose 2*u + l - 44 = 0, 0*l + 110 = 5*u + l. Let h = -13 + 